 r**2 - r. Let j be v(0). Calculate m(j).
3
Let q(s) = s - 1. Let o(r) = r - 5. Let f be o(6). Calculate q(f).
0
Let l(f) = f**2. Let v = 2 + 1. Suppose -v*d + 12 = -9. Let b = d - 10. What is l(b)?
9
Let p(b) = -8*b**2 - 40. Let k(s) = -1. Let d = 3 - 3. Suppose d = 3*m + 3. Let i(q) = m*p(q) + 40*k(q). Determine i(-1).
8
Let y(q) = 4*q - 4. Let w(j) = 1 + 2 - 5*j + 1. Let f(m) = 6*w(m) + 7*y(m). Let n be 147/(-35) + (-1)/(-5). Calculate f(n).
4
Let x be 4*(-2)/(-4)*-1. Let c(z) = -z**2 + z - 1. Let n(k) = -2*k**2 + 7*k - 3. Let f(s) = -5*c(s) + n(s). Give f(x).
10
Let f(r) = r**2 + 9*r + 9. Suppose 0 = 5*w + 2*x - 6, 0*w + 2*x = -w - 2. Let h(v) = -2*v**2 + 3*v - 6. Let p be h(w). What is f(p)?
1
Let k(l) = l**2 + 4*l + 4. Let a(g) = 3*g - 30. Let n be a(9). Calculate k(n).
1
Suppose -4*w = w - 4*v + 18, -5*v - 45 = 5*w. Let a(q) = -3*q + 2*q - 2 - 1. What is a(w)?
3
Let n be (-2)/(-8) - 1/4. Let r(z) = -1 + 4*z - 2 - 2*z + n*z. Give r(2).
1
Let n(t) = -t**3 + 5*t**2 + t - 4. Suppose -3*j = -0*j - 9. Let p be 15*((-5)/j)/(-5). Calculate n(p).
1
Let t(s) = 3*s - 1 + 4*s**2 - 1 - 5*s - 5*s**2 + 5*s**3. Let y(j) = -10*j**3 + 2*j**2 + 5*j + 5. Let x(a) = -5*t(a) - 2*y(a). Calculate x(1).
-4
Let s(a) = -3*a - a**2 + 4*a**2 - 2*a**2. What is s(3)?
0
Let l(z) = z - 1 + 2 + 0. Let w(x) = -x**3 + 7*x**2 + 8*x + 2. Let u be w(8). What is l(u)?
3
Let a(b) = b + 1. Let f(k) = 6*k + 7. Let w(n) = 5*a(n) - f(n). Calculate w(-3).
1
Suppose o = -o + 6. Let z = 0 + o. Let s(h) = -h**3 + 3*h**2 + h - 2. Calculate s(z).
1
Let a be (-2)/(-7) - (-27)/(-21). Let w be -3 - (-5 + 3) - a. Let x(l) = -2 + 1 - l + 2 - 2. Determine x(w).
-1
Let a(r) = 7*r - 2. Let j(s) = -s. Let b(x) = -a(x) - 6*j(x). Let f = 2 + -4. Calculate b(f).
4
Let g(u) be the third derivative of u**6/40 + u**5/30 + u**4/24 - 9*u**2. Determine g(-1).
-2
Let x(b) = 6 + 521*b - 521*b + b**3 + 5*b**2. Calculate x(-5).
6
Let v(u) be the second derivative of 4*u + 5/12*u**4 + 0 - u**3 + 4*u**2 + 1/20*u**5. What is v(-6)?
8
Let b(h) = h**2 + 5*h + 2. Let k(x) = -x**2 - 8*x - 1. Let i be k(-7). Let l = 0 + i. Let a(n) = -n + 3. Let v be a(l). Determine b(v).
-4
Let y(v) = 2*v + 5. Let m be (-20 + 5)*((-6)/(-15) + 0). Give y(m).
-7
Let m = 14 - 10. Suppose 0 = -v - v - m. Let u(r) = -3*r - 2. Determine u(v).
4
Suppose -6*f - 42 = -13*f. Let o(l) = l + 1 + 0*l - 9. Determine o(f).
-2
Let a(x) = -8*x**2 - x - 1. Let z(l) = 3*l + 5. Let q be z(-2). Determine a(q).
-8
Suppose 4*n - 22 = -2. Let z(k) = -2 + k**3 + 4*k**2 - 4*k**2 + 5*k - 6*k**2. Give z(n).
-2
Let z(n) be the first derivative of n**2/2 + 2*n + 2. What is z(7)?
9
Let d(n) = -n**3 - 5*n**2 - 2*n - 1. Let q be 4/(-18) - 240/(-108). Suppose q*l + 2*x = -l - 25, 10 = -l - x. Calculate d(l).
9
Let z(q) = 1. Let d(u) = u**2 + 4*u - 2. Let h(i) = d(i) + 5*z(i). Suppose -c - 3 = -7. Suppose -3*x - 6 = -c*k, 0 = k - 6*k. Give h(x).
-1
Let u(w) = 6*w. Let z = -18 + 19. What is u(z)?
6
Let o(i) = -8*i**2 + 12*i - 29. Let q(m) = -3*m**2 + 4*m - 10. Let h(y) = 4*o(y) - 11*q(y). Calculate h(-5).
-1
Let i(v) be the third derivative of -v**6/120 - v**5/30 + v**4/12 + v**3/3 - 5*v**2. Let a be i(-2). Let z(r) = 2*r**2 + 4*r + 2. Calculate z(a).
2
Let c(d) = d**3 + 2*d**2 + 6*d. Let g(y) = -y**2 - y. Let w(x) = c(x) + 4*g(x). Calculate w(2).
4
Let c be (-49)/(-1 + -2 + 4). Let r(u) = 21*u. Let h(x) = 2*x. Let o(p) = c*h(p) + 5*r(p). What is o(1)?
7
Let s(d) = -d**2 + 1. Suppose 0*i = 2*i. What is s(i)?
1
Suppose -4*l + 24 = -0*l. Let k(f) = 2*f - 4*f**2 + 8 + 2*f + 9*f**2 - 6*f**2. Give k(l).
-4
Suppose 26 = -2*f + 5*s, -24 = -f + 2*f + 3*s. Let o = f + 12. Let r(v) = v**2 + 8*v - 2. Calculate r(o).
-14
Let d = 26 + -43. Let g = d - -14. Let i(z) = z**2 + 2*z + 1. Give i(g).
4
Let m(q) = 12*q**2 + 5*q + 1. Let u(k) = k**2 + k. Let b(l) = -m(l) + 3*u(l). Give b(-1).
-8
Let y(v) = v**3 + 4*v**2 + 10*v - 1. Let b(x) = 3*x**3 + 13*x**2 + 29*x - 2. Let d(n) = 3*b(n) - 8*y(n). Let p = 0 + -6. Determine d(p).
-4
Let c be 1/(12/24*(-4)/(-10)). Let w(r) = r**3 - 3*r**2 - 5*r - 3. Give w(c).
22
Let w be 2*(-1)/2 - (-1 - -3). Let s(j) = -2*j**2 - 3*j + 2. What is s(w)?
-7
Let d(u) = -u**2 - 3*u - 1. Let f = -17 + 29. Suppose -2*g + 40 = -5*v - 7*g, -g = -4*v - f. Calculate d(v).
-5
Suppose -7 = 3*d + 17. Let u(t) = t + 9. What is u(d)?
1
Let p(u) = -25 + 22 + u - 2*u. What is p(4)?
-7
Let u(i) = 2*i**3 - i. Let y be 49/(-5) - (-1)/(-5). Let c = 6 + y. Let m be c/(-18) - 21/(-27). Determine u(m).
1
Suppose 3 - 8 = -5*n. Let o(t) = n - 6 + 1 - 2*t. Determine o(6).
-16
Let c = 421/4 + -629/6. Let z(n) be the second derivative of c*n**4 - 1/20*n**5 - 1/6*n**3 + 0*n**2 - 4*n + 0. Calculate z(5).
-5
Suppose 0*a + 5*a - 2*z = 22, -a = 3*z - 1. Let n = a - 1. Let g(r) = n*r**2 + 0*r - 2*r**2 - r - 2. What is g(-2)?
4
Let f(v) = v**2 - 5*v + 5. Let x = 15 + -59. Let r = -20 - x. Suppose 0 = 5*n + m - r, -2 = 4*n + 2*m - 20. What is f(n)?
5
Let m(o) = -4*o + 1. Let p be (6/4)/(4*7/(-56)). Give m(p).
13
Suppose 5*z + 3*n = 17 + 23, 2*n - 10 = 0. Let i(h) = -h - 1. Let v(t) = t + 1. Let p(w) = z*v(w) + 4*i(w). What is p(2)?
3
Let k(u) = u**2 + 8*u + 4. Let y(z) = 2*z - 35. Let x be y(14). Calculate k(x).
-3
Let n(h) = h - 6. Let c(z) = z**3 - 7*z**2 + 4*z + 12. Let t be c(6). Give n(t).
-6
Let h(l) = 13 - 18 + l - 7. Suppose 5*t + 19 = -0*m + 4*m, -m = 4*t - 10. Calculate h(m).
-6
Let q(u) be the first derivative of -1/3*u**3 + u**2 + 3*u - 2 - 1/12*u**4. Let g(i) be the first derivative of q(i). What is g(-4)?
-6
Suppose -24 = -5*d + 6. Suppose a + a = d. Let k(b) = 3*b - b**2 + a*b - 6 + b + b. Calculate k(5).
9
Let o(y) = -y**3 + 2*y**2 + 2*y - 3. Suppose -3*s - g + 1 = 0, 5*s + 0 = -4*g - 10. What is o(s)?
1
Let c(l) = -5*l**2 + 2*l + 2. Let p be -1*(4 + -1 + -2). Let q be c(p). Let k(d) = -d**2 - 4*d + 1. Calculate k(q).
-4
Let b = 4 + -3. Let o be (b/(-2))/(2/(-8)). Let h(r) = -3*r. Let w(u) = 9*u + 1. Let y(a) = 7*h(a) + 2*w(a). What is y(o)?
-4
Let s(z) = z. Suppose -4*v + 3*h + 2*h - 6 = 0, h - 1 = v. Suppose -w - v = m, -3*w + m - 9 = -2*w. What is s(w)?
-5
Let v = -19 + 26. Let n(s) = s**3 - 6*s**2 - 6*s - 9. Determine n(v).
-2
Let y(n) be the third derivative of -2/15*n**5 + 1/2*n**3 + 0*n + 1/24*n**4 + 2*n**2 + 0. Let r(p) = p**2 - p - 1. Let q(j) = 5*r(j) + y(j). What is q(-2)?
-6
Let j(b) = b**3 + 3*b**2 - 2*b + 3. Suppose 5*c + 6 + 4 = 0. Let t be (-7 + (-1 - 0))*c. Suppose 3*w = -w - t. Calculate j(w).
-5
Let w(x) = -6*x**2 - 10*x + 1. Let s(b) = 9*b**2 + 15*b - 2. Let c(g) = -5*s(g) - 8*w(g). Determine c(-3).
14
Let o = 2 - 11. Let x be 0 - (-4)/(12/o). Let s = x - -5. Let m(n) = 2*n - 3. What is m(s)?
1
Let i(z) = -z**2 + 5*z + 5. Suppose 0 = 4*n - 3*n - 7. Suppose -3*c = -n*g + 3*g - 31, 0 = -2*g - 8. Calculate i(c).
5
Let k(y) = y**3 + 5*y**2 - 9*y - 2. Let d be k(-6). Suppose -4*z + 8*z = d. Let x(w) be the first derivative of w**4/4 - 4*w**3/3 - w**2/2 + 1. Give x(z).
-4
Let h(c) = 4*c + 1. Let v(g) = -3*g. Let o(s) = 2*h(s) + 3*v(s). Let d be ((-5)/(-2) - 2)*4. Suppose 3*q - 20 = -d*q. What is o(q)?
-2
Let r(v) = -4 - v**3 - 5*v**2 + 7 + 2*v**2 - v**2. Let a be r(-4). Let s be 1 - (0 + (a - 4)). Let c(w) = w**3 + w**2 - 4*w + 3. What is c(s)?
7
Let z(h) = -2*h**2 - h**2 - h**2 + h**3 + 0*h**3. Let b be 3*(-1 + 2) - -1. Give z(b).
0
Let o = 28 + -18. Let j be (-8)/(-20)*(0 + o). Suppose j*x = 2*x + 10. Let v(g) = -g. Determine v(x).
-5
Let r(l) = -6*l**2 + 14*l**2 + 4 - 3. Let i(h) = 6*h - 13. Let d be i(2). Determine r(d).
9
Suppose 9 = y + q - 1, 5*q = 4*y - 40. Let c(k) = k - 21. What is c(y)?
-11
Let i(k) = k - 6. Let h(q) = -5*q - 45. Let c be h(-10). Calculate i(c).
-1
Let y(g) = -5*g**3 + 2*g**2 - g + 5. Let t(x) = -x**3 + x**2 - x + 1. Let f(a) = -4*t(a) + y(a). Let n = -44 - -76. Let c be n/(-10) - (-1)/5. Determine f(c).
1
Let n = -2 - -14. Suppose -4*x - 4*r + n = 0, -x + 0*r + 4 = 2*r. Let w(t) = 6*t**2 + 0*t**2 - 1 - 1 - 4*t**x. What is w(-2)?
6
Let n(s) be the second derivative of s**4/12 - s**3/6 + 3*s**2 + 2*s - 20. Calculate n(0).
6
Let y(l) = l - 19. Suppose 20 = -r + 5*r. Suppose 9 - 34 = 2*c + r*n, -2*n = 3*c + 10. Calculate y(c).
-19
Let f(x) = -33 + 24 + 2*x - 3*x. Calculate f(-7).
-2
Let i(v) be the second derivative of -v**6/360 - 7